r?
True
Is 221552315221 prime?
False
Is 483097159 prime?
True
Is 101097237907 composite?
False
Is 4640649707 prime?
True
Is 684234583 a composite number?
False
Is 28308072839 composite?
True
Is 301690891 a composite number?
True
Is 11493976189 a composite number?
False
Is 61224034147 prime?
True
Is 5904178001 a composite number?
False
Is 119406587 a composite number?
False
Is 125580311251 a composite number?
True
Is 11119673398 a prime number?
False
Is 152044367 prime?
False
Is 2559578011 a prime number?
True
Is 1031697493 composite?
False
Is 17806252323 a prime number?
False
Is 19420500067 a prime number?
False
Is 229742911 a prime number?
True
Is 97303382041 composite?
True
Is 12419538959 a composite number?
True
Is 158653138813 prime?
False
Is 38015988971 prime?
True
Is 415865287 a composite number?
True
Is 2165956327 a prime number?
False
Is 9624176159 a composite number?
True
Is 1806343493 prime?
False
Is 3814253137 prime?
True
Is 6577455611 a prime number?
True
Is 14458671419 a prime number?
True
Is 72904492447 prime?
False
Is 270491803 a prime number?
True
Is 11701689 a prime number?
False
Is 14048869799 prime?
True
Is 7658147161 prime?
False
Is 5868075139 a composite number?
True
Is 4362632474 prime?
False
Is 1413579611 a prime number?
True
Is 3779574501 prime?
False
Is 31573967183 composite?
True
Is 109896259087 prime?
True
Is 1091007421 a prime number?
False
Is 193450465087 composite?
True
Is 1277271481 a prime number?
False
Is 46937040243 prime?
False
Is 164303371 prime?
True
Is 278694687 composite?
True
Is 77445438127 composite?
True
Is 5759406811 composite?
False
Is 100306536455 prime?
False
Is 22264733 prime?
False
Is 185063927 composite?
False
Is 167919377 a composite number?
False
Is 45004371913 composite?
True
Is 27716655853 a prime number?
True
Is 1298092177 a composite number?
False
Is 29529290507 a prime number?
False
Is 2055820441 prime?
False
Is 2022565981 a prime number?
True
Is 13087696709 prime?
True
Is 1401260923 a prime number?
True
Is 305763793 composite?
True
Is 1521329209 composite?
False
Is 30694535123 a prime number?
False
Is 18034861543 composite?
False
Is 48577195273 a prime number?
True
Is 38230290671 prime?
False
Is 5739902477 prime?
True
Is 98174457419 a prime number?
True
Is 641545603 prime?
True
Is 24312795571 prime?
False
Is 918584197 a prime number?
True
Is 79413969407 a prime number?
False
Is 7453677073 a prime number?
True
Is 21970575709 a prime number?
True
Is 25494027393 composite?
True
Is 3991145467 a composite number?
False
Is 27517001 a composite number?
True
Is 3344198177 a composite number?
False
Is 79474657169 a prime number?
False
Is 4343029323 composite?
True
Is 124355653 a prime number?
True
Is 18325072693 a composite number?
True
Is 297699289 composite?
False
Is 14606498479 a composite number?
False
Is 20437275191 composite?
False
Is 148200009 prime?
False
Is 251855419 a composite number?
False
Is 4012026209 prime?
True
Is 516874997 composite?
True
Is 1757019757 a prime number?
True
Is 4999715221 prime?
False
Is 6150260143 a prime number?
False
Is 245637994439 composite?
False
Is 584885747 a prime number?
True
Is 4964755241 a prime number?
True
Is 2732256019 a composite number?
True
Is 1767787411 prime?
False
Is 41251139247 prime?
False
Is 2817088199 a composite number?
False
Is 178108040111 composite?
False
Is 458512471 a composite number?
True
Is 71258933 prime?
False
Is 26077942019 composite?
False
Is 11564677633 prime?
False
Is 1995708349 prime?
False
Is 45265972399 prime?
False
Is 72694308347 composite?
False
Is 8979949621 a composite number?
False
Is 35392099793 a composite number?
True
Is 2118417194 prime?
False
Is 21960444791 prime?
True
Is 157022804243 a composite number?
False
Is 8333836151 a composite number?
False
Is 51879673217 prime?
True
Is 2034137377 prime?
True
Is 34158069091 a prime number?
True
Is 100367657 a composite number?
True
Is 37205995097 a prime number?
True
Is 21374005919 a composite number?
True
Is 50856702511 prime?
True
Is 999036067 composite?
False
Is 301771729 prime?
False
Is 3634351801 composite?
False
Is 2535083581 a composite number?
True
Is 304689247 prime?
True
Is 5818557439 a composite number?
True
Is 3130145881 a prime number?
True
Is 47110216243 a composite number?
False
Is 6568329241 prime?
False
Is 66861491 composite?
False
Is 142429253 a prime number?
True
Is 2077845493 prime?
False
Is 494768977 composite?
False
Is 40609489 a composite number?
False
Is 640555813039 a composite number?
False
Is 945790577 composite?
True
Is 2502575107 a composite number?
False
Is 9194602909 prime?
True
Is 68887781681 a prime number?
True
Is 1383031127 prime?
True
Is 11139238009 a prime number?
True
Is 80635590353 composite?
False
Is 309436482106 composite?
True
Is 22548474527 a composite number?
False
Is 1977123383 composite?
True
Is 185590396183 a composite number?
False
Is 120377974523 a prime number?
True
Is 22009663727 a prime number?
True
Is 8133958099 a composite number?
True
Is 57138076687 a prime number?
False
Is 6705231059 prime?
False
Is 350775703 a composite number?
False
Is 177072907721 a prime number?
False
Is 81667015471 composite?
False
Is 2639633201 composite?
True
Is 1945534439 composite?
False
Is 1156786451 prime?
False
Is 1115484023 a prime number?
True
Is 477589559 prime?
True
Is 43690036067 a prime number?
True
Is 134802189983 prime?
True
Is 1424294693 a prime number?
True
Is 58078085483 composite?
True
Is 205508549 prime?
False
Is 1396622065 a composite number?
True
Is 6228324523 a prime number?
False
Is 46609288259 a prime number?
True
Is 13689682397 a composite number?
True
Is 1188622109 a prime number?
False
Is 1317777833 composite?
False
Is 1590030509 a prime number?
False
Is 69174023531 prime?
False
Is 1020894041 a composite number?
False
Is 6897760297 composite?
True
Is 14045100038 a prime number?
False
Is 237235237 a composite number?
False
Is 2286729301 composite?
False
Is 16857786509 a prime number?
True
Is 20910747427 composite?
False
Is 868984013 a prime number?
False
Is 65216846801 a prime number?
True
Is 3079997257 a composite number?
True
Is 675620191 a composite number?
False
Is 488001823 a prime number?
True
Is 40247973349 prime?
True
Is 2998104541 a composite number?
True
Is 234120247 composite?
False
Is 58999012773 a composite number?
True
Is 6148131499 composite?
False
Is 1294477063 prime?
False
Is 411557999 composite?
True
Is 1708508497 a composite number?
True
Is 4579168849 composite?
True
Is 527228069 a composite number?
True
Is 2037167411 a composite number?
False
Is 4359815461 composite?
True
Is 3077704013 prime?
True
Is 9154426553 a composite number?
True
Is 12794249753 a prime number?
True
Is 3628831519 a prime number?
False
Is 9939827603 a prime number?
False
Is 60806454077 a prime number?
False
Is 535852909 composite?
False
Is 794330333 prime?
True
Is 47436977857 composite?
False
Is 8686994207 a composite number?
False
Is 10153993139 a prime number?
False
Is 4367483927 prime?
True
Is 20044853 composite?
True
Is 376208587 a prime number?
True
Is 3215661121 a prime number?
True
Is 253141481 prime?
True
Is 2890152901 prime?
True
Is 48518050579 a prime number?
True
Is 11446014527 composite?
True
Is 188678953 a composite number?
False
Is 36752462891 composite?
False
Is 765035221 composite?
True
Is 17076562001 a composite number?
False
Is 187116557 a prime number?
False
Is 864797261 a composite number?
True
Is 277832419 prime?
True
Is 6226134973 composite?
False
Is 10897173803 composite?
False
Is 1827408823 a prime number?
True
Is 2095697099 a composite number?
True
Is 35696576603 a prime number?
True
Is 87417688301 prime?
True
Is 811463395 a prime number?
False
Is 2957993797 prime?
False
Is 222885913 a prime number?
False
Is 615993821 prime?
True
Is 254798701 a composite number?
False
Is 4863725033 a composite number?
False
Is 3736361353 a composite number?
False
Is 4766012789 prime?
True
Is 1117393415 a composite number?
True
Is 2042699369 a prime number?
False
Is 1951339321 composite?
False
Is 255854647 a composite number?
False
Is 3419068427 a prime number?
False
Is 8817781247 a composite number?
True
Is 33877459309 a prime number?
True
Is 7486757467 prime?
False
Is 7902745129 prime?
True
Is 12448417 prime?
True